{"id":520,"date":"2024-08-29T21:14:37","date_gmt":"2024-08-29T21:14:37","guid":{"rendered":"https:\/\/agentiaimpreuna.ro\/scurtpedoi\/?page_id=520"},"modified":"2024-10-07T08:59:18","modified_gmt":"2024-10-07T08:59:18","slug":"de-vorba-cu-tinerii-ateliere-despre-diversitate-in-scoli","status":"publish","type":"page","link":"https:\/\/agentiaimpreuna.ro\/scurtpedoi\/de-vorba-cu-tinerii-ateliere-despre-diversitate-in-scoli\/","title":{"rendered":"De Vorb\u0103 cu Tinerii: Ateliere despre diversitate \u00een \u0219coli"},"content":{"rendered":"\t\t<div data-elementor-type=\"wp-page\" data-elementor-id=\"520\" class=\"elementor elementor-520\" data-elementor-settings=\"{&quot;ha_cmc_init_switcher&quot;:&quot;no&quot;}\" data-elementor-post-type=\"page\">\n\t\t\t\t<div class=\"elementor-element elementor-element-c43988d e-flex e-con-boxed e-con e-parent\" data-id=\"c43988d\" data-element_type=\"container\" data-settings=\"{&quot;background_background&quot;:&quot;classic&quot;,&quot;_ha_eqh_enable&quot;:false}\">\n\t\t\t\t\t<div class=\"e-con-inner\">\n\t\t<div class=\"elementor-element elementor-element-e640eee e-con-full e-flex e-con e-child\" data-id=\"e640eee\" data-element_type=\"container\" data-settings=\"{&quot;_ha_eqh_enable&quot;:false}\">\n\t\t\t\t<div class=\"elementor-element elementor-element-f425f78 elementor-widget elementor-widget-heading\" data-id=\"f425f78\" data-element_type=\"widget\" data-widget_type=\"heading.default\">\n\t\t\t\t<div class=\"elementor-widget-container\">\n\t\t\t<style>\/*! elementor - v3.23.0 - 05-08-2024 *\/\n.elementor-heading-title{padding:0;margin:0;line-height:1}.elementor-widget-heading .elementor-heading-title[class*=elementor-size-]>a{color:inherit;font-size:inherit;line-height:inherit}.elementor-widget-heading .elementor-heading-title.elementor-size-small{font-size:15px}.elementor-widget-heading .elementor-heading-title.elementor-size-medium{font-size:19px}.elementor-widget-heading .elementor-heading-title.elementor-size-large{font-size:29px}.elementor-widget-heading .elementor-heading-title.elementor-size-xl{font-size:39px}.elementor-widget-heading .elementor-heading-title.elementor-size-xxl{font-size:59px}<\/style><h2 class=\"elementor-heading-title elementor-size-default\">De Vorb\u0103 cu Tinerii: Ateliere despre diversitate \u00een \u0219coli<\/h2>\t\t<\/div>\n\t\t\t\t<\/div>\n\t\t\t\t<div class=\"elementor-element elementor-element-365aaa8 elementor-widget elementor-widget-image\" data-id=\"365aaa8\" data-element_type=\"widget\" data-widget_type=\"image.default\">\n\t\t\t\t<div class=\"elementor-widget-container\">\n\t\t\t<style>\/*! elementor - v3.23.0 - 05-08-2024 *\/\n.elementor-widget-image{text-align:center}.elementor-widget-image a{display:inline-block}.elementor-widget-image a img[src$=\".svg\"]{width:48px}.elementor-widget-image img{vertical-align:middle;display:inline-block}<\/style>\t\t\t\t\t\t\t\t\t\t<img decoding=\"async\" src=\"https:\/\/startersites.io\/elementor\/beverr\/wp-content\/uploads\/2022\/07\/decorative-line-1.svg\" title=\"\" alt=\"\" loading=\"lazy\" \/>\t\t\t\t\t\t\t\t\t\t\t\t\t<\/div>\n\t\t\t\t<\/div>\n\t\t\t\t<\/div>\n\t\t\t\t\t<\/div>\n\t\t\t\t<\/div>\n\t\t<div class=\"elementor-element elementor-element-680c7ef e-flex e-con-boxed e-con e-parent\" data-id=\"680c7ef\" data-element_type=\"container\" data-settings=\"{&quot;_ha_eqh_enable&quot;:false}\">\n\t\t\t\t\t<div class=\"e-con-inner\">\n\t\t\t\t<div class=\"elementor-element elementor-element-9f10d13 elementor-widget elementor-widget-text-editor\" data-id=\"9f10d13\" data-element_type=\"widget\" data-widget_type=\"text-editor.default\">\n\t\t\t\t<div class=\"elementor-widget-container\">\n\t\t\t<style>\/*! elementor - v3.23.0 - 05-08-2024 *\/\n.elementor-widget-text-editor.elementor-drop-cap-view-stacked .elementor-drop-cap{background-color:#69727d;color:#fff}.elementor-widget-text-editor.elementor-drop-cap-view-framed .elementor-drop-cap{color:#69727d;border:3px solid;background-color:transparent}.elementor-widget-text-editor:not(.elementor-drop-cap-view-default) .elementor-drop-cap{margin-top:8px}.elementor-widget-text-editor:not(.elementor-drop-cap-view-default) .elementor-drop-cap-letter{width:1em;height:1em}.elementor-widget-text-editor .elementor-drop-cap{float:left;text-align:center;line-height:1;font-size:50px}.elementor-widget-text-editor .elementor-drop-cap-letter{display:inline-block}<\/style>\t\t\t\t<p><!-- wp:paragraph --><\/p>\n<p>\u00cen cadrul proiectului \u201eDiversitate pe \u00een\u021belesul tuturor\u201d, organiz\u0103m ateliere interactive dedicate tinerilor liceeni, av\u00e2nd ca scop promovarea incluziunii \u0219i diversit\u0103\u021bii. Aceste ateliere sunt sus\u021binute de personalit\u0103\u021bi publice \u0219i exper\u021bi care au contribuit la realizarea materialelor video din campania \u201eScurt\/2: Dic\u021bionar de vorbe folosite \u00een exces\u201d.<\/p>\n<p>Participan\u021bii vor avea ocazia s\u0103 discute direct cu invita\u021bii no\u0219tri despre concepte esen\u021biale pentru o democra\u021bie s\u0103n\u0103toas\u0103, s\u0103 aprofundeze no\u021biunile prezentate \u00een videoclipuri \u0219i s\u0103 \u00een\u021beleag\u0103 mai bine importan\u021ba diversit\u0103\u021bii \u0219i incluziunii \u00een societatea contemporan\u0103. Atelierele sunt g\u00e2ndite s\u0103 fie interactive \u0219i prietenoase, \u00eencuraj\u00e2nd dialogul deschis \u0219i schimbul de idei.<\/p>\n<p>Odat\u0103 cu lansarea campaniei \u201eScurt\/2: Dic\u021bionar de vorbe folosite \u00een exces\u201d \u00een mediul online, pe toate platformele noastre, \u0219i mai ales odat\u0103 cu \u00eenceputul anului \u0219colar, am \u00eenceput un \u201eturneu\u201d liceele din Bucure\u0219ti-Ilfov, \u00een vederea promov\u0103rii campaniei \u00een r\u00e2ndul tinerilor \u0219i a intra \u00een dialog cu ei. Al\u0103turi de noi, \u00een cadrul acestor ateliere, am avut al\u0103turi un invitat din cadrul campaniei, care s\u0103 aprofundeze conceptul documentat \u00een cadrul campaniei. \u00cen vederea organiz\u0103rii atelierelor a fost pus\u0103 la dispozi\u021bie o agend\u0103 a desf\u0103\u0219ur\u0103rii atelierelor, agreat\u0103 \u00eempreun\u0103 cu invitatul \u00eenso\u021bitor. \u00cen perioada 16-30 septembrie am organizat cinci ateliere \u0219i am intrat \u00een dialog cu tinerii de la <span style=\"font-family: inherit; font-size: inherit; font-style: inherit; font-variant-ligatures: inherit; font-variant-caps: inherit; font-weight: inherit; text-align: var(--text-align); background-color: var(--theme-palette-color-7); color: var(--theme-text-color); letter-spacing: var(--theme-letter-spacing); text-transform: var(--theme-text-transform);\">Colegiul Na\u021bional Bilingv \u201eGeorge Co\u0219buc\u201d (16 septembrie),\u00a0<\/span><span style=\"font-family: inherit; font-size: inherit; font-style: inherit; font-variant-ligatures: inherit; font-variant-caps: inherit; font-weight: inherit; text-align: var(--text-align); background-color: var(--theme-palette-color-7); color: var(--theme-text-color); letter-spacing: var(--theme-letter-spacing); text-transform: var(--theme-text-transform);\">Colegiul Tehnic \u201eCarol I\u201d (<\/span><span style=\"text-align: var(--text-align); background-color: var(--theme-palette-color-7); color: var(--theme-text-color); font-family: var(--theme-font-family); font-style: var(--theme-font-style, inherit); font-variant-ligatures: inherit; font-variant-caps: inherit; font-weight: var(--theme-font-weight); letter-spacing: var(--theme-letter-spacing); text-transform: var(--theme-text-transform);\">17 septembrie),\u00a0<\/span><span style=\"font-family: inherit; font-size: inherit; font-style: inherit; font-variant-ligatures: inherit; font-variant-caps: inherit; font-weight: inherit; text-align: var(--text-align); background-color: var(--theme-palette-color-7); color: var(--theme-text-color); letter-spacing: var(--theme-letter-spacing); text-transform: var(--theme-text-transform);\">Liceul Teoretic \u201eIon Barbu\u201d (<\/span><span style=\"text-align: var(--text-align); background-color: var(--theme-palette-color-7); color: var(--theme-text-color); font-family: var(--theme-font-family); font-style: var(--theme-font-style, inherit); font-variant-ligatures: inherit; font-variant-caps: inherit; font-weight: var(--theme-font-weight); letter-spacing: var(--theme-letter-spacing); text-transform: var(--theme-text-transform);\">19 septembrie),<\/span><span style=\"font-family: inherit; font-size: inherit; font-style: inherit; font-variant-ligatures: inherit; font-variant-caps: inherit; font-weight: inherit; text-align: var(--text-align); background-color: var(--theme-palette-color-7); color: var(--theme-text-color); letter-spacing: var(--theme-letter-spacing); text-transform: var(--theme-text-transform);\">\u00a0Colegiul Economic Viilor (<\/span><span style=\"text-align: var(--text-align); background-color: var(--theme-palette-color-7); color: var(--theme-text-color); font-family: var(--theme-font-family); font-style: var(--theme-font-style, inherit); font-variant-ligatures: inherit; font-variant-caps: inherit; font-weight: var(--theme-font-weight); letter-spacing: var(--theme-letter-spacing); text-transform: var(--theme-text-transform);\">20 septembrie) \u0219i\u00a0<\/span><span style=\"font-family: inherit; font-size: inherit; font-style: inherit; font-variant-ligatures: inherit; font-variant-caps: inherit; font-weight: inherit; text-align: var(--text-align); background-color: var(--theme-palette-color-7); color: var(--theme-text-color); letter-spacing: var(--theme-letter-spacing); text-transform: var(--theme-text-transform);\">Liceul Economic Cezar Nicolau (<\/span><span style=\"text-align: var(--text-align); background-color: var(--theme-palette-color-7); color: var(--theme-text-color); font-family: var(--theme-font-family); font-style: var(--theme-font-style, inherit); font-variant-ligatures: inherit; font-variant-caps: inherit; font-weight: var(--theme-font-weight); letter-spacing: var(--theme-letter-spacing); text-transform: var(--theme-text-transform);\">26 septembrie). Al\u0103turi de noi, \u00een cadrul acestor ateliere i-am avut pe Katia Pascariu, Alina Greavu (Aluziva), Radu Umbre\u0219 \u0219i \u0218tefan B\u00e2rzu.<\/span><\/p>\n<div>\n<div><b>Vedere de la\u00a0<span style=\"text-align: var(--text-align); background-color: var(--theme-palette-color-7); color: var(--theme-text-color); font-family: var(--theme-font-family); font-style: var(--theme-font-style, inherit); font-variant-ligatures: inherit; font-variant-caps: inherit; letter-spacing: var(--theme-letter-spacing); text-transform: var(--theme-text-transform);\">Colegiul Na\u021bional Bilingv \u201eGeorge Co\u0219buc\u201d<\/span><span style=\"text-align: var(--text-align); background-color: var(--theme-palette-color-7); color: var(--theme-text-color); font-family: var(--theme-font-family); font-style: var(--theme-font-style, inherit); font-variant-ligatures: inherit; font-variant-caps: inherit; letter-spacing: var(--theme-letter-spacing); text-transform: var(--theme-text-transform);\">\u00a0<\/span><br \/><\/b><\/div>\n<div><img fetchpriority=\"high\" decoding=\"async\" class=\"aligncenter wp-image-1205 size-large\" src=\"https:\/\/agentiaimpreuna.ro\/scurtpedoi\/wp-content\/uploads\/2024\/09\/image-1024x768.png\" alt=\"\" width=\"1024\" height=\"768\" srcset=\"https:\/\/agentiaimpreuna.ro\/scurtpedoi\/wp-content\/uploads\/2024\/09\/image-1024x768.png 1024w, https:\/\/agentiaimpreuna.ro\/scurtpedoi\/wp-content\/uploads\/2024\/09\/image-300x225.png 300w, https:\/\/agentiaimpreuna.ro\/scurtpedoi\/wp-content\/uploads\/2024\/09\/image-768x576.png 768w, https:\/\/agentiaimpreuna.ro\/scurtpedoi\/wp-content\/uploads\/2024\/09\/image-1536x1152.png 1536w, https:\/\/agentiaimpreuna.ro\/scurtpedoi\/wp-content\/uploads\/2024\/09\/image.png 2048w\" sizes=\"(max-width: 1024px) 100vw, 1024px\" \/><\/div>\n<div>\u00a0<\/div>\n<p style=\"margin-block-end: var(--theme-content-spacing);\"><b style=\"font-family: inherit; font-size: inherit; font-style: inherit; font-variant-ligatures: inherit; font-variant-caps: inherit; text-align: var(--text-align); color: var(--theme-text-color); letter-spacing: var(--theme-letter-spacing); text-transform: var(--theme-text-transform); background-color: var(--theme-palette-color-7);\">Vedere de la\u00a0<span style=\"text-align: var(--text-align); background-color: var(--theme-palette-color-7); color: var(--theme-text-color); font-family: var(--theme-font-family); font-style: var(--theme-font-style, inherit); font-variant-ligatures: inherit; font-variant-caps: inherit; letter-spacing: var(--theme-letter-spacing); text-transform: var(--theme-text-transform);\">Colegiul Tehnic \u201eCarol I\u201d<\/span><\/b><b style=\"font-family: inherit; font-size: inherit; font-style: inherit; font-variant-ligatures: inherit; font-variant-caps: inherit; text-align: var(--text-align); color: var(--theme-text-color); letter-spacing: var(--theme-letter-spacing); text-transform: var(--theme-text-transform); background-color: var(--theme-palette-color-7);\"><span style=\"text-align: var(--text-align); background-color: var(--theme-palette-color-7); color: var(--theme-text-color); font-family: var(--theme-font-family); font-style: var(--theme-font-style, inherit); font-variant-ligatures: inherit; font-variant-caps: inherit; letter-spacing: var(--theme-letter-spacing); text-transform: var(--theme-text-transform);\"><img decoding=\"async\" class=\"aligncenter wp-image-1210 size-large\" src=\"https:\/\/agentiaimpreuna.ro\/scurtpedoi\/wp-content\/uploads\/2024\/09\/WhatsApp-Image-2024-09-17-at-13.22.36-1024x768.jpeg\" alt=\"\" width=\"1024\" height=\"768\" srcset=\"https:\/\/agentiaimpreuna.ro\/scurtpedoi\/wp-content\/uploads\/2024\/09\/WhatsApp-Image-2024-09-17-at-13.22.36-1024x768.jpeg 1024w, https:\/\/agentiaimpreuna.ro\/scurtpedoi\/wp-content\/uploads\/2024\/09\/WhatsApp-Image-2024-09-17-at-13.22.36-300x225.jpeg 300w, https:\/\/agentiaimpreuna.ro\/scurtpedoi\/wp-content\/uploads\/2024\/09\/WhatsApp-Image-2024-09-17-at-13.22.36-768x576.jpeg 768w, https:\/\/agentiaimpreuna.ro\/scurtpedoi\/wp-content\/uploads\/2024\/09\/WhatsApp-Image-2024-09-17-at-13.22.36-1536x1152.jpeg 1536w, https:\/\/agentiaimpreuna.ro\/scurtpedoi\/wp-content\/uploads\/2024\/09\/WhatsApp-Image-2024-09-17-at-13.22.36.jpeg 2048w\" sizes=\"(max-width: 1024px) 100vw, 1024px\" \/><\/span><\/b><\/p>\n<p style=\"margin-block-end: var(--theme-content-spacing);\"><span style=\"text-align: var(--text-align); background-color: var(--theme-palette-color-7); color: var(--theme-text-color); font-family: var(--theme-font-family); font-style: var(--theme-font-style, inherit); font-variant-ligatures: inherit; font-variant-caps: inherit; letter-spacing: var(--theme-letter-spacing); text-transform: var(--theme-text-transform);\"><b>Vedere de la Liceul Teoretic \u201eIon Barbu\u201d<\/b><\/span><img decoding=\"async\" class=\"aligncenter wp-image-1224 size-large\" src=\"https:\/\/agentiaimpreuna.ro\/scurtpedoi\/wp-content\/uploads\/2024\/09\/WhatsApp-Image-2024-09-19-at-19.37.27-1024x768.jpeg\" alt=\"\" width=\"1024\" height=\"768\" srcset=\"https:\/\/agentiaimpreuna.ro\/scurtpedoi\/wp-content\/uploads\/2024\/09\/WhatsApp-Image-2024-09-19-at-19.37.27-1024x768.jpeg 1024w, https:\/\/agentiaimpreuna.ro\/scurtpedoi\/wp-content\/uploads\/2024\/09\/WhatsApp-Image-2024-09-19-at-19.37.27-300x225.jpeg 300w, https:\/\/agentiaimpreuna.ro\/scurtpedoi\/wp-content\/uploads\/2024\/09\/WhatsApp-Image-2024-09-19-at-19.37.27-768x576.jpeg 768w, https:\/\/agentiaimpreuna.ro\/scurtpedoi\/wp-content\/uploads\/2024\/09\/WhatsApp-Image-2024-09-19-at-19.37.27-1536x1152.jpeg 1536w, https:\/\/agentiaimpreuna.ro\/scurtpedoi\/wp-content\/uploads\/2024\/09\/WhatsApp-Image-2024-09-19-at-19.37.27.jpeg 2048w\" sizes=\"(max-width: 1024px) 100vw, 1024px\" \/><\/p>\n<p style=\"margin-block-end: var(--theme-content-spacing);\"><span style=\"text-align: var(--text-align); background-color: var(--theme-palette-color-7); color: var(--theme-text-color); font-family: var(--theme-font-family); font-style: var(--theme-font-style, inherit); font-variant-ligatures: inherit; font-variant-caps: inherit; letter-spacing: var(--theme-letter-spacing); text-transform: var(--theme-text-transform);\"><b>Vedere de la Colegiul Economic Viilor<\/b><\/span><\/p>\n<p><img loading=\"lazy\" decoding=\"async\" class=\"aligncenter wp-image-1231 size-large\" src=\"https:\/\/agentiaimpreuna.ro\/scurtpedoi\/wp-content\/uploads\/2024\/09\/image-2-1024x768.png\" alt=\"\" width=\"1024\" height=\"768\" srcset=\"https:\/\/agentiaimpreuna.ro\/scurtpedoi\/wp-content\/uploads\/2024\/09\/image-2-1024x768.png 1024w, https:\/\/agentiaimpreuna.ro\/scurtpedoi\/wp-content\/uploads\/2024\/09\/image-2-300x225.png 300w, https:\/\/agentiaimpreuna.ro\/scurtpedoi\/wp-content\/uploads\/2024\/09\/image-2-768x576.png 768w, https:\/\/agentiaimpreuna.ro\/scurtpedoi\/wp-content\/uploads\/2024\/09\/image-2-1536x1152.png 1536w, https:\/\/agentiaimpreuna.ro\/scurtpedoi\/wp-content\/uploads\/2024\/09\/image-2.png 1600w\" sizes=\"(max-width: 1024px) 100vw, 1024px\" \/><\/p>\n<p><b>Vedere de la Liceul Tehnologic \u201eCezar Nicolau<\/b><img loading=\"lazy\" decoding=\"async\" class=\"aligncenter wp-image-1241 size-large\" src=\"https:\/\/agentiaimpreuna.ro\/scurtpedoi\/wp-content\/uploads\/2024\/09\/b3158800-b1fa-453e-bbdd-6718ee0e629c-1024x768.jpeg\" alt=\"\" width=\"1024\" height=\"768\" srcset=\"https:\/\/agentiaimpreuna.ro\/scurtpedoi\/wp-content\/uploads\/2024\/09\/b3158800-b1fa-453e-bbdd-6718ee0e629c-1024x768.jpeg 1024w, https:\/\/agentiaimpreuna.ro\/scurtpedoi\/wp-content\/uploads\/2024\/09\/b3158800-b1fa-453e-bbdd-6718ee0e629c-300x225.jpeg 300w, https:\/\/agentiaimpreuna.ro\/scurtpedoi\/wp-content\/uploads\/2024\/09\/b3158800-b1fa-453e-bbdd-6718ee0e629c-768x576.jpeg 768w, https:\/\/agentiaimpreuna.ro\/scurtpedoi\/wp-content\/uploads\/2024\/09\/b3158800-b1fa-453e-bbdd-6718ee0e629c-1536x1152.jpeg 1536w, https:\/\/agentiaimpreuna.ro\/scurtpedoi\/wp-content\/uploads\/2024\/09\/b3158800-b1fa-453e-bbdd-6718ee0e629c.jpeg 2048w\" sizes=\"(max-width: 1024px) 100vw, 1024px\" \/><\/p>\n<\/div>\n<p>\u00a0<\/p>\n<p><!-- \/wp:list-item --><\/p>\n<p><!-- \/wp:list --><\/p>\t\t\t\t\t\t<\/div>\n\t\t\t\t<\/div>\n\t\t\t\t\t<\/div>\n\t\t\t\t<\/div>\n\t\t\t\t<\/div>\n\t\t","protected":false},"excerpt":{"rendered":"<p>De Vorb\u0103 cu Tinerii: Ateliere despre diversitate \u00een \u0219coli \u00cen cadrul proiectului \u201eDiversitate pe \u00een\u021belesul tuturor\u201d, organiz\u0103m ateliere interactive dedicate tinerilor liceeni, av\u00e2nd ca scop promovarea incluziunii \u0219i diversit\u0103\u021bii. Aceste ateliere sunt sus\u021binute de personalit\u0103\u021bi publice \u0219i exper\u021bi care au contribuit la realizarea materialelor video din campania \u201eScurt\/2: Dic\u021bionar de vorbe folosite \u00een exces\u201d. Participan\u021bii [&hellip;]<\/p>\n","protected":false},"author":1,"featured_media":0,"parent":0,"menu_order":0,"comment_status":"closed","ping_status":"closed","template":"","meta":{"_acf_changed":false,"footnotes":""},"class_list":["post-520","page","type-page","status-publish","hentry"],"blocksy_meta":{"has_hero_section":"disabled","styles_descriptor":{"styles":{"desktop":"","tablet":"","mobile":""},"google_fonts":[],"version":6},"vertical_spacing_source":"custom","content_area_spacing":"none"},"acf":[],"_links":{"self":[{"href":"https:\/\/agentiaimpreuna.ro\/scurtpedoi\/wp-json\/wp\/v2\/pages\/520","targetHints":{"allow":["GET"]}}],"collection":[{"href":"https:\/\/agentiaimpreuna.ro\/scurtpedoi\/wp-json\/wp\/v2\/pages"}],"about":[{"href":"https:\/\/agentiaimpreuna.ro\/scurtpedoi\/wp-json\/wp\/v2\/types\/page"}],"author":[{"embeddable":true,"href":"https:\/\/agentiaimpreuna.ro\/scurtpedoi\/wp-json\/wp\/v2\/users\/1"}],"replies":[{"embeddable":true,"href":"https:\/\/agentiaimpreuna.ro\/scurtpedoi\/wp-json\/wp\/v2\/comments?post=520"}],"version-history":[{"count":23,"href":"https:\/\/agentiaimpreuna.ro\/scurtpedoi\/wp-json\/wp\/v2\/pages\/520\/revisions"}],"predecessor-version":[{"id":1298,"href":"https:\/\/agentiaimpreuna.ro\/scurtpedoi\/wp-json\/wp\/v2\/pages\/520\/revisions\/1298"}],"wp:attachment":[{"href":"https:\/\/agentiaimpreuna.ro\/scurtpedoi\/wp-json\/wp\/v2\/media?parent=520"}],"curies":[{"name":"wp","href":"https:\/\/api.w.org\/{rel}","templated":true}]}}